{"id":1165,"date":"2023-05-16T12:05:13","date_gmt":"2023-05-16T16:05:13","guid":{"rendered":"https:\/\/www.ebc.gob.bo\/portal\/?page_id=1165"},"modified":"2023-05-16T12:26:36","modified_gmt":"2023-05-16T16:26:36","slug":"solicitud-de-informacion","status":"publish","type":"page","link":"http:\/\/www.ebc.gob.bo\/portal\/index.php\/solicitud-de-informacion\/","title":{"rendered":"Solicitud de Informaci\u00f3n"},"content":{"rendered":"\n<p>Para realizar una Solicitud de Informaci\u00f3n cumpliendo con la pol\u00edtica de Transparencia y Lucha Contra la Corrupci\u00f3n, le solicitamos que llene el siguiente formulario adjunto y lo env\u00ede a nuestro correo electr\u00f3nico <a href=\"mailto:transparencia@ebc.gob.bo\">transparencia@ebc.gob.bo<\/a>. Tambi\u00e9n puede presentarlo directamente en nuestras oficinas.<\/p>\n\n\n\n<table id=\"tablepress-18\" class=\"tablepress tablepress-id-18\">\n<thead>\n<tr class=\"row-1\">\n\t<th class=\"column-1\">DESCRIPCI\u00d3N<\/th><th class=\"column-2\">ARCHIVO ADJUNTO<\/th>\n<\/tr>\n<\/thead>\n<tbody class=\"row-striping row-hover\">\n<tr class=\"row-2\">\n\t<td class=\"column-1\">Formulario de Solicitud de Informaci\u00f3n<\/td><td class=\"column-2\"><a href=\"https:\/\/www.ebc.gob.bo\/portal\/wp-content\/uploads\/2023\/05\/Form_Solicitud_Informacion.pdf\">Ver Anexo<\/a><\/td>\n<\/tr>\n<\/tbody>\n<\/table>\n<!-- #tablepress-18 from cache -->","protected":false},"excerpt":{"rendered":"<p>Para realizar una Solicitud de Informaci\u00f3n cumpliendo con la pol\u00edtica de Transparencia y Lucha Contra la Corrupci\u00f3n, le solicitamos que<\/p>\n","protected":false},"author":1,"featured_media":0,"parent":0,"menu_order":0,"comment_status":"closed","ping_status":"closed","template":"","meta":{"colormag_page_layout":"no_sidebar_content_centered","_joinchat":[],"footnotes":""},"class_list":["post-1165","page","type-page","status-publish","hentry"],"aioseo_notices":[],"_links":{"self":[{"href":"http:\/\/www.ebc.gob.bo\/portal\/index.php\/wp-json\/wp\/v2\/pages\/1165","targetHints":{"allow":["GET"]}}],"collection":[{"href":"http:\/\/www.ebc.gob.bo\/portal\/index.php\/wp-json\/wp\/v2\/pages"}],"about":[{"href":"http:\/\/www.ebc.gob.bo\/portal\/index.php\/wp-json\/wp\/v2\/types\/page"}],"author":[{"embeddable":true,"href":"http:\/\/www.ebc.gob.bo\/portal\/index.php\/wp-json\/wp\/v2\/users\/1"}],"replies":[{"embeddable":true,"href":"http:\/\/www.ebc.gob.bo\/portal\/index.php\/wp-json\/wp\/v2\/comments?post=1165"}],"version-history":[{"count":3,"href":"http:\/\/www.ebc.gob.bo\/portal\/index.php\/wp-json\/wp\/v2\/pages\/1165\/revisions"}],"predecessor-version":[{"id":1172,"href":"http:\/\/www.ebc.gob.bo\/portal\/index.php\/wp-json\/wp\/v2\/pages\/1165\/revisions\/1172"}],"wp:attachment":[{"href":"http:\/\/www.ebc.gob.bo\/portal\/index.php\/wp-json\/wp\/v2\/media?parent=1165"}],"curies":[{"name":"wp","href":"https:\/\/api.w.org\/{rel}","templated":true}]}}