{"id":1952,"date":"2023-11-16T18:10:34","date_gmt":"2023-11-16T22:10:34","guid":{"rendered":"https:\/\/www.ebc.gob.bo\/portal\/?page_id=1952"},"modified":"2023-11-20T15:10:49","modified_gmt":"2023-11-20T19:10:49","slug":"pavimento-flexible","status":"publish","type":"page","link":"http:\/\/www.ebc.gob.bo\/portal\/index.php\/pavimento-flexible\/","title":{"rendered":"Pavimento Flexible"},"content":{"rendered":"\n<div class=\"alignnormal\"><div id=\"metaslider-id-1933\" style=\"width: 100%;\" class=\"ml-slider-3-95-0 metaslider metaslider-flex metaslider-1933 ml-slider ms-theme-default\" role=\"region\" aria-roledescription=\"Slideshow\" aria-label=\"Pavimento Flexible\">\n    <div id=\"metaslider_container_1933\">\n        <div id=\"metaslider_1933\">\n            <ul class='slides'>\n                <li style=\"display: block; width: 100%;\" class=\"slide-1943 ms-image \" aria-roledescription=\"slide\" aria-label=\"slide-1943\"><img fetchpriority=\"high\" decoding=\"async\" src=\"http:\/\/www.ebc.gob.bo\/portal\/wp-content\/uploads\/2023\/11\/A1-750x417.jpg\" height=\"417\" width=\"750\" alt=\"\" class=\"slider-1933 slide-1943\" title=\"A1\" \/><\/li>\n                <li style=\"display: none; width: 100%;\" class=\"slide-1944 ms-image \" aria-roledescription=\"slide\" aria-label=\"slide-1944\"><img decoding=\"async\" src=\"http:\/\/www.ebc.gob.bo\/portal\/wp-content\/uploads\/2023\/11\/A2-750x417.jpg\" height=\"417\" width=\"750\" alt=\"\" class=\"slider-1933 slide-1944\" title=\"A2\" \/><\/li>\n                <li style=\"display: none; width: 100%;\" class=\"slide-1945 ms-image \" aria-roledescription=\"slide\" aria-label=\"slide-1945\"><img decoding=\"async\" src=\"http:\/\/www.ebc.gob.bo\/portal\/wp-content\/uploads\/2023\/11\/A3-750x417.jpg\" height=\"417\" width=\"750\" alt=\"\" class=\"slider-1933 slide-1945\" title=\"A3\" \/><\/li>\n                <li style=\"display: none; width: 100%;\" class=\"slide-1946 ms-image \" aria-roledescription=\"slide\" aria-label=\"slide-1946\"><img loading=\"lazy\" decoding=\"async\" src=\"http:\/\/www.ebc.gob.bo\/portal\/wp-content\/uploads\/2023\/11\/A4-750x417.jpg\" height=\"417\" width=\"750\" alt=\"\" class=\"slider-1933 slide-1946\" title=\"A4\" \/><\/li>\n                <li style=\"display: none; width: 100%;\" class=\"slide-1947 ms-image \" aria-roledescription=\"slide\" aria-label=\"slide-1947\"><img loading=\"lazy\" decoding=\"async\" src=\"http:\/\/www.ebc.gob.bo\/portal\/wp-content\/uploads\/2023\/11\/A5-750x417.jpg\" height=\"417\" width=\"750\" alt=\"\" class=\"slider-1933 slide-1947\" title=\"A5\" \/><\/li>\n                <li style=\"display: none; width: 100%;\" class=\"slide-1948 ms-image \" aria-roledescription=\"slide\" aria-label=\"slide-1948\"><img loading=\"lazy\" decoding=\"async\" src=\"http:\/\/www.ebc.gob.bo\/portal\/wp-content\/uploads\/2023\/11\/A6-750x417.jpg\" height=\"417\" width=\"750\" alt=\"\" class=\"slider-1933 slide-1948\" title=\"A6\" \/><\/li>\n                <li style=\"display: none; width: 100%;\" class=\"slide-1949 ms-image \" aria-roledescription=\"slide\" aria-label=\"slide-1949\"><img loading=\"lazy\" decoding=\"async\" src=\"http:\/\/www.ebc.gob.bo\/portal\/wp-content\/uploads\/2023\/11\/A7-750x417.jpg\" height=\"417\" width=\"750\" alt=\"\" class=\"slider-1933 slide-1949\" title=\"A7\" \/><\/li>\n                <li style=\"display: none; width: 100%;\" class=\"slide-1950 ms-image \" aria-roledescription=\"slide\" aria-label=\"slide-1950\"><img loading=\"lazy\" decoding=\"async\" src=\"http:\/\/www.ebc.gob.bo\/portal\/wp-content\/uploads\/2023\/11\/A8-750x417.jpg\" height=\"417\" width=\"750\" alt=\"\" class=\"slider-1933 slide-1950\" title=\"A8\" \/><\/li>\n                <li style=\"display: none; width: 100%;\" class=\"slide-1951 ms-image \" aria-roledescription=\"slide\" aria-label=\"slide-1951\"><img loading=\"lazy\" decoding=\"async\" src=\"http:\/\/www.ebc.gob.bo\/portal\/wp-content\/uploads\/2023\/11\/A9-750x417.jpg\" height=\"417\" width=\"750\" alt=\"\" class=\"slider-1933 slide-1951\" title=\"A9\" \/><\/li>\n            <\/ul>\n        <\/div>\n        \n    <\/div>\n<\/div><\/div>\n\n\n<p style=\"text-align: justify;\">El pavimento flexible es un tipo de pavimento utilizado en pistas de aeropuertos y carreteras la EBC brinda soluciones de calidad, duraderas y adaptadas a las necesidades de cada proyecto.<\/p>\n<p style=\"text-align: justify;\">Este proceso consiste en la construcci\u00f3n de una capa de pavimento conformada por varios materiales, como agregados, asfalto y emulsi\u00f3n asf\u00e1ltica. Para ello la EBC cuenta con un equipo de profesionales altamente capacitados y maquinaria especializada para llevar a cabo la construcci\u00f3n de pavimentos flexibles en pistas de aeropuertos y carreteras.<\/p>\n<\/p>\n\n\n<figure class=\"wp-block-gallery has-nested-images columns-default is-cropped wp-block-gallery-1 is-layout-flex wp-block-gallery-is-layout-flex\">\n<figure class=\"wp-block-image size-large\"><img loading=\"lazy\" decoding=\"async\" width=\"1000\" height=\"556\" data-id=\"1935\" src=\"https:\/\/www.ebc.gob.bo\/portal\/wp-content\/uploads\/2023\/11\/A2.jpg\" alt=\"\" class=\"wp-image-1935\" srcset=\"http:\/\/www.ebc.gob.bo\/portal\/wp-content\/uploads\/2023\/11\/A2.jpg 1000w, http:\/\/www.ebc.gob.bo\/portal\/wp-content\/uploads\/2023\/11\/A2-300x167.jpg 300w, http:\/\/www.ebc.gob.bo\/portal\/wp-content\/uploads\/2023\/11\/A2-768x427.jpg 768w, http:\/\/www.ebc.gob.bo\/portal\/wp-content\/uploads\/2023\/11\/A2-800x445.jpg 800w, http:\/\/www.ebc.gob.bo\/portal\/wp-content\/uploads\/2023\/11\/A2-750x417.jpg 750w, http:\/\/www.ebc.gob.bo\/portal\/wp-content\/uploads\/2023\/11\/A2-620x345.jpg 620w, http:\/\/www.ebc.gob.bo\/portal\/wp-content\/uploads\/2023\/11\/A2-400x222.jpg 400w\" sizes=\"(max-width: 1000px) 100vw, 1000px\" \/><\/figure>\n<\/figure>\n\n\n<\/p>\n<p style=\"text-align: justify;\">El <strong>pavimento flexible<\/strong> se caracteriza por su capacidad de adaptarse y flexionar ante las cargas del tr\u00e1fico vehicular. Esto se debe a su estructura compuesta por capas de diferentes materiales, que distribuyen y disipan las tensiones causadas por el peso de los veh\u00edculos.<\/p>\n<\/p>\n\n\n<figure class=\"wp-block-image aligncenter size-full\"><img loading=\"lazy\" decoding=\"async\" width=\"1000\" height=\"556\" src=\"http:\/\/www.ebc.gob.bo\/portal\/wp-content\/uploads\/2023\/11\/A3.jpg\" alt=\"\" class=\"wp-image-1936\" srcset=\"http:\/\/www.ebc.gob.bo\/portal\/wp-content\/uploads\/2023\/11\/A3.jpg 1000w, http:\/\/www.ebc.gob.bo\/portal\/wp-content\/uploads\/2023\/11\/A3-300x167.jpg 300w, http:\/\/www.ebc.gob.bo\/portal\/wp-content\/uploads\/2023\/11\/A3-768x427.jpg 768w, http:\/\/www.ebc.gob.bo\/portal\/wp-content\/uploads\/2023\/11\/A3-800x445.jpg 800w, http:\/\/www.ebc.gob.bo\/portal\/wp-content\/uploads\/2023\/11\/A3-750x417.jpg 750w, http:\/\/www.ebc.gob.bo\/portal\/wp-content\/uploads\/2023\/11\/A3-620x345.jpg 620w, http:\/\/www.ebc.gob.bo\/portal\/wp-content\/uploads\/2023\/11\/A3-400x222.jpg 400w\" sizes=\"(max-width: 1000px) 100vw, 1000px\" \/><\/figure>\n\n\n<\/p>\n<p style=\"text-align: justify;\">La construcci\u00f3n de un pavimento flexible implica varias etapas, que incluyen el dise\u00f1o de la estructura del pavimento, la preparaci\u00f3n del terreno, la colocaci\u00f3n de las capas de materiales y la compactaci\u00f3n final. Durante este proceso, se utilizan maquinarias y equipos especializados para garantizar una construcci\u00f3n adecuada y duradera.<\/p>\n<\/p>\n\n\n<figure class=\"wp-block-image aligncenter size-full\"><img loading=\"lazy\" decoding=\"async\" width=\"1000\" height=\"556\" src=\"http:\/\/www.ebc.gob.bo\/portal\/wp-content\/uploads\/2023\/11\/A4.jpg\" alt=\"\" class=\"wp-image-1937\" srcset=\"http:\/\/www.ebc.gob.bo\/portal\/wp-content\/uploads\/2023\/11\/A4.jpg 1000w, http:\/\/www.ebc.gob.bo\/portal\/wp-content\/uploads\/2023\/11\/A4-300x167.jpg 300w, http:\/\/www.ebc.gob.bo\/portal\/wp-content\/uploads\/2023\/11\/A4-768x427.jpg 768w, http:\/\/www.ebc.gob.bo\/portal\/wp-content\/uploads\/2023\/11\/A4-800x445.jpg 800w, http:\/\/www.ebc.gob.bo\/portal\/wp-content\/uploads\/2023\/11\/A4-750x417.jpg 750w, http:\/\/www.ebc.gob.bo\/portal\/wp-content\/uploads\/2023\/11\/A4-620x345.jpg 620w, http:\/\/www.ebc.gob.bo\/portal\/wp-content\/uploads\/2023\/11\/A4-400x222.jpg 400w\" sizes=\"(max-width: 1000px) 100vw, 1000px\" \/><\/figure>\n\n\n<\/p>\n<p style=\"text-align: justify;\">La EBC, experta en la construcci\u00f3n de pavimentos flexibles, brinda servicios para la ejecuci\u00f3n de este tipo de obras en pistas de aeropuertos y carreteras en Bolivia. Contamos con el conocimiento t\u00e9cnico y tenemos la experiencia necesaria para llevar a cabo proyectos de pavimento flexible, brindando soluciones adaptadas a las necesidades de cada cliente.<\/p>\n<\/p>\n<p><strong>VENTAJAS DEL PAVIMENTO FLEXIBLE:<\/strong><\/p>\n<p><strong>Resistencia al tr\u00e1fico<\/strong>: Este tipo de pavimento es capaz de soportar las cargas y tensiones generadas por el tr\u00e1fico vehicular, manteniendo su integridad estructural a lo largo del tiempo.<\/p>\n<\/p>\n\n\n<figure class=\"wp-block-image aligncenter size-full\"><img loading=\"lazy\" decoding=\"async\" width=\"1000\" height=\"556\" src=\"http:\/\/www.ebc.gob.bo\/portal\/wp-content\/uploads\/2023\/11\/A5.jpg\" alt=\"\" class=\"wp-image-1938\" srcset=\"http:\/\/www.ebc.gob.bo\/portal\/wp-content\/uploads\/2023\/11\/A5.jpg 1000w, http:\/\/www.ebc.gob.bo\/portal\/wp-content\/uploads\/2023\/11\/A5-300x167.jpg 300w, http:\/\/www.ebc.gob.bo\/portal\/wp-content\/uploads\/2023\/11\/A5-768x427.jpg 768w, http:\/\/www.ebc.gob.bo\/portal\/wp-content\/uploads\/2023\/11\/A5-800x445.jpg 800w, http:\/\/www.ebc.gob.bo\/portal\/wp-content\/uploads\/2023\/11\/A5-750x417.jpg 750w, http:\/\/www.ebc.gob.bo\/portal\/wp-content\/uploads\/2023\/11\/A5-620x345.jpg 620w, http:\/\/www.ebc.gob.bo\/portal\/wp-content\/uploads\/2023\/11\/A5-400x222.jpg 400w\" sizes=\"(max-width: 1000px) 100vw, 1000px\" \/><\/figure>\n\n\n<\/p>\n<p style=\"text-align: justify;\"><strong>Flexibilidad:<\/strong> El pavimento flexible se adapta a las variaciones en el terreno y a los movimientos naturales causados por factores como la temperatura y la humedad, evitando agrietamientos y deformaciones.<\/p>\n<\/p>\n\n\n<figure class=\"wp-block-image aligncenter size-full\"><img loading=\"lazy\" decoding=\"async\" width=\"1000\" height=\"556\" src=\"http:\/\/www.ebc.gob.bo\/portal\/wp-content\/uploads\/2023\/11\/A6.jpg\" alt=\"\" class=\"wp-image-1939\" srcset=\"http:\/\/www.ebc.gob.bo\/portal\/wp-content\/uploads\/2023\/11\/A6.jpg 1000w, http:\/\/www.ebc.gob.bo\/portal\/wp-content\/uploads\/2023\/11\/A6-300x167.jpg 300w, http:\/\/www.ebc.gob.bo\/portal\/wp-content\/uploads\/2023\/11\/A6-768x427.jpg 768w, http:\/\/www.ebc.gob.bo\/portal\/wp-content\/uploads\/2023\/11\/A6-800x445.jpg 800w, http:\/\/www.ebc.gob.bo\/portal\/wp-content\/uploads\/2023\/11\/A6-750x417.jpg 750w, http:\/\/www.ebc.gob.bo\/portal\/wp-content\/uploads\/2023\/11\/A6-620x345.jpg 620w, http:\/\/www.ebc.gob.bo\/portal\/wp-content\/uploads\/2023\/11\/A6-400x222.jpg 400w\" sizes=\"(max-width: 1000px) 100vw, 1000px\" \/><\/figure>\n\n\n<\/p>\n<p style=\"text-align: justify;\"><strong>Mayor vida \u00fatil<\/strong>: Gracias a su dise\u00f1o y composici\u00f3n, el pavimento flexible tiene una mayor durabilidad en comparaci\u00f3n con otros tipos de pavimento, lo que se traduce en un menor costo de mantenimiento a largo plazo.<\/p>\n<\/p>\n\n\n<figure class=\"wp-block-image aligncenter size-full\"><img loading=\"lazy\" decoding=\"async\" width=\"1000\" height=\"556\" src=\"http:\/\/www.ebc.gob.bo\/portal\/wp-content\/uploads\/2023\/11\/A7.jpg\" alt=\"\" class=\"wp-image-1940\" srcset=\"http:\/\/www.ebc.gob.bo\/portal\/wp-content\/uploads\/2023\/11\/A7.jpg 1000w, http:\/\/www.ebc.gob.bo\/portal\/wp-content\/uploads\/2023\/11\/A7-300x167.jpg 300w, http:\/\/www.ebc.gob.bo\/portal\/wp-content\/uploads\/2023\/11\/A7-768x427.jpg 768w, http:\/\/www.ebc.gob.bo\/portal\/wp-content\/uploads\/2023\/11\/A7-800x445.jpg 800w, http:\/\/www.ebc.gob.bo\/portal\/wp-content\/uploads\/2023\/11\/A7-750x417.jpg 750w, http:\/\/www.ebc.gob.bo\/portal\/wp-content\/uploads\/2023\/11\/A7-620x345.jpg 620w, http:\/\/www.ebc.gob.bo\/portal\/wp-content\/uploads\/2023\/11\/A7-400x222.jpg 400w\" sizes=\"(max-width: 1000px) 100vw, 1000px\" \/><\/figure>\n\n\n<p style=\"text-align: justify;\"><strong>Reducci\u00f3n de ruido:<\/strong> El uso de materiales y t\u00e9cnicas espec\u00edficas en el pavimento flexible contribuye a la disminuci\u00f3n del ruido producido por el tr\u00e1fico vehicular, lo que resulta en un entorno m\u00e1s silencioso y confortable para los usuarios de la v\u00eda.<\/p>\n\n\n<figure class=\"wp-block-image aligncenter size-full\"><img loading=\"lazy\" decoding=\"async\" width=\"1000\" height=\"556\" src=\"http:\/\/www.ebc.gob.bo\/portal\/wp-content\/uploads\/2023\/11\/A8.jpg\" alt=\"\" class=\"wp-image-1941\" srcset=\"http:\/\/www.ebc.gob.bo\/portal\/wp-content\/uploads\/2023\/11\/A8.jpg 1000w, http:\/\/www.ebc.gob.bo\/portal\/wp-content\/uploads\/2023\/11\/A8-300x167.jpg 300w, http:\/\/www.ebc.gob.bo\/portal\/wp-content\/uploads\/2023\/11\/A8-768x427.jpg 768w, http:\/\/www.ebc.gob.bo\/portal\/wp-content\/uploads\/2023\/11\/A8-800x445.jpg 800w, http:\/\/www.ebc.gob.bo\/portal\/wp-content\/uploads\/2023\/11\/A8-750x417.jpg 750w, http:\/\/www.ebc.gob.bo\/portal\/wp-content\/uploads\/2023\/11\/A8-620x345.jpg 620w, http:\/\/www.ebc.gob.bo\/portal\/wp-content\/uploads\/2023\/11\/A8-400x222.jpg 400w\" sizes=\"(max-width: 1000px) 100vw, 1000px\" \/><\/figure>\n\n\n<p style=\"text-align: justify;\"><strong>R\u00e1pida recuperaci\u00f3n de la superficie<\/strong>: ya que, al ser una capa delgada de asfalto, el proceso de pavimentaci\u00f3n flexible puede ser m\u00e1s r\u00e1pido y permitir una pronta reapertura al tr\u00e1fico<\/p>\n\n\n<figure class=\"wp-block-image aligncenter size-full\"><img loading=\"lazy\" decoding=\"async\" width=\"1000\" height=\"556\" src=\"http:\/\/www.ebc.gob.bo\/portal\/wp-content\/uploads\/2023\/11\/A9.jpg\" alt=\"\" class=\"wp-image-1942\" srcset=\"http:\/\/www.ebc.gob.bo\/portal\/wp-content\/uploads\/2023\/11\/A9.jpg 1000w, http:\/\/www.ebc.gob.bo\/portal\/wp-content\/uploads\/2023\/11\/A9-300x167.jpg 300w, http:\/\/www.ebc.gob.bo\/portal\/wp-content\/uploads\/2023\/11\/A9-768x427.jpg 768w, http:\/\/www.ebc.gob.bo\/portal\/wp-content\/uploads\/2023\/11\/A9-800x445.jpg 800w, http:\/\/www.ebc.gob.bo\/portal\/wp-content\/uploads\/2023\/11\/A9-750x417.jpg 750w, http:\/\/www.ebc.gob.bo\/portal\/wp-content\/uploads\/2023\/11\/A9-620x345.jpg 620w, http:\/\/www.ebc.gob.bo\/portal\/wp-content\/uploads\/2023\/11\/A9-400x222.jpg 400w\" sizes=\"(max-width: 1000px) 100vw, 1000px\" \/><\/figure>\n","protected":false},"excerpt":{"rendered":"<p>El pavimento flexible es un tipo de pavimento utilizado en pistas de aeropuertos y carreteras la EBC brinda soluciones de<\/p>\n","protected":false},"author":1,"featured_media":0,"parent":0,"menu_order":0,"comment_status":"closed","ping_status":"closed","template":"","meta":{"colormag_page_layout":"default_layout","_joinchat":[],"footnotes":""},"class_list":["post-1952","page","type-page","status-publish","hentry"],"aioseo_notices":[],"_links":{"self":[{"href":"http:\/\/www.ebc.gob.bo\/portal\/index.php\/wp-json\/wp\/v2\/pages\/1952","targetHints":{"allow":["GET"]}}],"collection":[{"href":"http:\/\/www.ebc.gob.bo\/portal\/index.php\/wp-json\/wp\/v2\/pages"}],"about":[{"href":"http:\/\/www.ebc.gob.bo\/portal\/index.php\/wp-json\/wp\/v2\/types\/page"}],"author":[{"embeddable":true,"href":"http:\/\/www.ebc.gob.bo\/portal\/index.php\/wp-json\/wp\/v2\/users\/1"}],"replies":[{"embeddable":true,"href":"http:\/\/www.ebc.gob.bo\/portal\/index.php\/wp-json\/wp\/v2\/comments?post=1952"}],"version-history":[{"count":2,"href":"http:\/\/www.ebc.gob.bo\/portal\/index.php\/wp-json\/wp\/v2\/pages\/1952\/revisions"}],"predecessor-version":[{"id":1955,"href":"http:\/\/www.ebc.gob.bo\/portal\/index.php\/wp-json\/wp\/v2\/pages\/1952\/revisions\/1955"}],"wp:attachment":[{"href":"http:\/\/www.ebc.gob.bo\/portal\/index.php\/wp-json\/wp\/v2\/media?parent=1952"}],"curies":[{"name":"wp","href":"https:\/\/api.w.org\/{rel}","templated":true}]}}