{"id":481,"date":"2025-06-06T16:19:32","date_gmt":"2025-06-06T20:19:32","guid":{"rendered":"https:\/\/www.ebc.gob.bo\/portal\/?page_id=481"},"modified":"2026-03-24T17:16:53","modified_gmt":"2026-03-24T21:16:53","slug":"marco-legal","status":"publish","type":"page","link":"http:\/\/www.ebc.gob.bo\/portal\/index.php\/marco-legal\/","title":{"rendered":"Marco normativo"},"content":{"rendered":"\n<table id=\"tablepress-2\" class=\"tablepress tablepress-id-2\">\n<thead>\n<tr class=\"row-1\">\n\t<th class=\"column-1\">DESCRIPCI\u00d3N<\/th><th class=\"column-2\">ARCHIVO ADJUNTO<\/th>\n<\/tr>\n<\/thead>\n<tbody class=\"row-striping row-hover\">\n<tr class=\"row-2\">\n\t<td class=\"column-1\">Decreto Supremo N\u00ba 1020, 26 de octubre de 2011, Crea la Empresa Estrat\u00e9gica Boliviana de Construcci\u00f3n y Conservaci\u00f3n de Infraestructura Civil, cuya sigla es \u201cEBC\u201d<\/td><td class=\"column-2\"><a href=\"https:\/\/www.ebc.gob.bo\/portal\/wp-content\/uploads\/2023\/05\/DS_1020.pdf\">Ver Anexo<\/a><\/td>\n<\/tr>\n<tr class=\"row-3\">\n\t<td class=\"column-1\">Constituci\u00f3n Politica del Estado<\/td><td class=\"column-2\"><a href=\"http:\/\/www.ebc.gob.bo\/portal\/wp-content\/uploads\/2026\/04\/nueva_constitucion_politica_del_estado.pdf\">Ver Anexo<\/a><\/td>\n<\/tr>\n<tr class=\"row-4\">\n\t<td class=\"column-1\">Ley N\u00b0 2341 de Procedimiento Administrativo<\/td><td class=\"column-2\"><a href=\"http:\/\/www.ebc.gob.bo\/portal\/wp-content\/uploads\/2026\/04\/LEY_2341_PROCEDIMIENTO_ADMINISTRATIVO.pdf\">Ver Anexo<\/a><\/td>\n<\/tr>\n<tr class=\"row-5\">\n\t<td class=\"column-1\">Ley N\u00b0 1178 de Administraci\u00f3n y Control Gubernamental &#8211; SAFCO<\/td><td class=\"column-2\"><a href=\"http:\/\/www.ebc.gob.bo\/portal\/wp-content\/uploads\/2026\/04\/Ley_Nro_1178-de20-de-julio-de-1990.pdf\">Ver Anexo<\/a><\/td>\n<\/tr>\n<tr class=\"row-6\">\n\t<td class=\"column-1\">Ley N\u00b0 2027 del estatuto del Funcionario Publico<\/td><td class=\"column-2\"><a href=\"http:\/\/www.ebc.gob.bo\/portal\/wp-content\/uploads\/2026\/04\/Ley-N\u00b0-2027-ESTATUTO-DEL-FUNCIONARIO-PUBLICO.pdf\">Ver Anexo<\/a><\/td>\n<\/tr>\n<tr class=\"row-7\">\n\t<td class=\"column-1\">Decreto Supremo N\u00b0 26740 &#8211; Reglamento del Estatuto del Funcionario p\u00fablico<\/td><td class=\"column-2\"><a href=\"http:\/\/www.ebc.gob.bo\/portal\/wp-content\/uploads\/2026\/04\/BO-DS-26740.pdf\">Ver Anexo<\/a><\/td>\n<\/tr>\n<tr class=\"row-8\">\n\t<td class=\"column-1\">Decreto Supremo N\u00b0 23318-A &#8211; Reglamento de la responsabilidad por la Funcion publica<\/td><td class=\"column-2\"><a href=\"http:\/\/www.ebc.gob.bo\/portal\/wp-content\/uploads\/2026\/04\/decreto_23318_sp.pdf\">Ver Anexo<\/a><\/td>\n<\/tr>\n<\/tbody>\n<\/table>\n<!-- #tablepress-2 from cache -->\n\n\n<ol style=\"list-style-type:lower-alpha\" class=\"wp-block-list\"><\/ol>\n\n\n\n<figure class=\"wp-block-image size-large\"><img fetchpriority=\"high\" decoding=\"async\" width=\"726\" height=\"1024\" src=\"https:\/\/www.ebc.gob.bo\/portal\/wp-content\/uploads\/2026\/03\/marco-nor-726x1024.png\" alt=\"\" class=\"wp-image-6102\" srcset=\"http:\/\/www.ebc.gob.bo\/portal\/wp-content\/uploads\/2026\/03\/marco-nor-726x1024.png 726w, http:\/\/www.ebc.gob.bo\/portal\/wp-content\/uploads\/2026\/03\/marco-nor-213x300.png 213w, http:\/\/www.ebc.gob.bo\/portal\/wp-content\/uploads\/2026\/03\/marco-nor-768x1083.png 768w, http:\/\/www.ebc.gob.bo\/portal\/wp-content\/uploads\/2026\/03\/marco-nor.png 1816w\" sizes=\"(max-width: 726px) 100vw, 726px\" \/><\/figure>\n\n\n\n<p><\/p>\n","protected":false},"excerpt":{"rendered":"","protected":false},"author":1,"featured_media":0,"parent":0,"menu_order":0,"comment_status":"closed","ping_status":"closed","template":"","meta":{"colormag_page_layout":"no_sidebar_content_centered","_joinchat":[],"footnotes":""},"class_list":["post-481","page","type-page","status-publish","hentry"],"aioseo_notices":[],"_links":{"self":[{"href":"http:\/\/www.ebc.gob.bo\/portal\/index.php\/wp-json\/wp\/v2\/pages\/481","targetHints":{"allow":["GET"]}}],"collection":[{"href":"http:\/\/www.ebc.gob.bo\/portal\/index.php\/wp-json\/wp\/v2\/pages"}],"about":[{"href":"http:\/\/www.ebc.gob.bo\/portal\/index.php\/wp-json\/wp\/v2\/types\/page"}],"author":[{"embeddable":true,"href":"http:\/\/www.ebc.gob.bo\/portal\/index.php\/wp-json\/wp\/v2\/users\/1"}],"replies":[{"embeddable":true,"href":"http:\/\/www.ebc.gob.bo\/portal\/index.php\/wp-json\/wp\/v2\/comments?post=481"}],"version-history":[{"count":11,"href":"http:\/\/www.ebc.gob.bo\/portal\/index.php\/wp-json\/wp\/v2\/pages\/481\/revisions"}],"predecessor-version":[{"id":6106,"href":"http:\/\/www.ebc.gob.bo\/portal\/index.php\/wp-json\/wp\/v2\/pages\/481\/revisions\/6106"}],"wp:attachment":[{"href":"http:\/\/www.ebc.gob.bo\/portal\/index.php\/wp-json\/wp\/v2\/media?parent=481"}],"curies":[{"name":"wp","href":"https:\/\/api.w.org\/{rel}","templated":true}]}}